{"id":17,"date":"2024-01-17T19:34:41","date_gmt":"2024-01-17T18:34:41","guid":{"rendered":"https:\/\/www.myarmoniecanine.fr\/myarmoniecanine.fr\/?page_id=17"},"modified":"2025-01-12T19:09:01","modified_gmt":"2025-01-12T18:09:01","slug":"qui-suis-je","status":"publish","type":"page","link":"https:\/\/www.myarmoniecanine.fr\/myarmoniecanine.fr\/index.php\/qui-suis-je\/","title":{"rendered":"Qui suis-je ?"},"content":{"rendered":"\n<div class=\"wp-block-media-text has-media-on-the-right is-stacked-on-mobile\" style=\"grid-template-columns:auto 30%\"><div class=\"wp-block-media-text__content\">\n<p class=\"has-text-align-left\">Je suis n\u00e9e et j&rsquo;ai grandi entour\u00e9e de berger allemands et de cavaliers king charles. Ma passion canine a toujours exist\u00e9 et a pris de plus en plus de place au fil des ann\u00e9es. <\/p>\n\n\n\n<p>En 2016, j&rsquo;adopte Mya une malinoise de 4 mois avec qui je rencontre beaucoup de difficult\u00e9s. Ne m&rsquo;en sortant pas toute seule, je d\u00e9cide donc de contacter un \u00e9ducateur. On travaille, on \u00e9volue, j&rsquo;apprend \u00e0 la comprendre, on r\u00e8gle les probl\u00e8mes petit \u00e0 petit et je m&rsquo;int\u00e9resse de plus en plus au comportement canin. \u00c7a y est, Mya m&rsquo;a fait rentrer dans le monde de l&rsquo;\u00e9ducation canine ! <\/p>\n\n\n\n<p>En 2018, ce n&rsquo;\u00e9tait pas pr\u00e9vu mais j&rsquo;adopte Souky un crois\u00e9 labrador de 6 ans qui a subi 4 ans de maltraitance et 2 abandons. Mes 2 chiens m&rsquo;ont \u00e9norm\u00e9ment appris !<\/p>\n\n\n\n<p>De 2018 \u00e0 2022, j&rsquo;ai \u00e9t\u00e9 b\u00e9n\u00e9vole au refuge ATPA-SPA de Toulouse et dans 2 associations de protection animale. <\/p>\n\n\n\n<p>En 2021, apr\u00e8s 9 ans dans le monde de la petite enfance, je d\u00e9cide de faire de ma passion mon quotidien et mon m\u00e9tier. J&rsquo;int\u00e8gre une \u00e9cole pour une ann\u00e9e compl\u00e8te et obtiens le Brevet Professionnel d&rsquo;\u00e9ducateur canin en 2022.<\/p>\n\n\n\n<p>En 2023, Mya&rsquo;rmonie Canine voit le jour. Vous l&rsquo;aurez compris le nom de l&rsquo;entreprise fait r\u00e9f\u00e9rence \u00e0 ma chienne Mya sans qui je n&rsquo;en serais pas l\u00e0 aujourd&rsquo;hui.<\/p>\n<\/div><figure class=\"wp-block-media-text__media\"><img loading=\"lazy\" decoding=\"async\" width=\"888\" height=\"888\" src=\"https:\/\/www.myarmoniecanine.fr\/myarmoniecanine.fr\/wp-content\/uploads\/2024\/01\/358513717_812907010359298_1316471141716285999_n-5.jpg\" alt=\"\" class=\"wp-image-150 size-full\" srcset=\"https:\/\/www.myarmoniecanine.fr\/myarmoniecanine.fr\/wp-content\/uploads\/2024\/01\/358513717_812907010359298_1316471141716285999_n-5.jpg 888w, https:\/\/www.myarmoniecanine.fr\/myarmoniecanine.fr\/wp-content\/uploads\/2024\/01\/358513717_812907010359298_1316471141716285999_n-5-300x300.jpg 300w, https:\/\/www.myarmoniecanine.fr\/myarmoniecanine.fr\/wp-content\/uploads\/2024\/01\/358513717_812907010359298_1316471141716285999_n-5-150x150.jpg 150w, https:\/\/www.myarmoniecanine.fr\/myarmoniecanine.fr\/wp-content\/uploads\/2024\/01\/358513717_812907010359298_1316471141716285999_n-5-768x768.jpg 768w, https:\/\/www.myarmoniecanine.fr\/myarmoniecanine.fr\/wp-content\/uploads\/2024\/01\/358513717_812907010359298_1316471141716285999_n-5-75x75.jpg 75w\" sizes=\"auto, (max-width: 888px) 100vw, 888px\" \/><\/figure><\/div>\n\n\n<div class=\"wp-block-image\">\n<figure class=\"aligncenter size-full is-resized\"><img loading=\"lazy\" decoding=\"async\" width=\"717\" height=\"246\" src=\"https:\/\/www.myarmoniecanine.fr\/myarmoniecanine.fr\/wp-content\/uploads\/2024\/01\/image.png\" alt=\"\" class=\"wp-image-149\" style=\"width:687px;height:auto\" srcset=\"https:\/\/www.myarmoniecanine.fr\/myarmoniecanine.fr\/wp-content\/uploads\/2024\/01\/image.png 717w, https:\/\/www.myarmoniecanine.fr\/myarmoniecanine.fr\/wp-content\/uploads\/2024\/01\/image-300x103.png 300w\" sizes=\"auto, (max-width: 717px) 100vw, 717px\" \/><\/figure>\n<\/div>\n\n\n<p class=\"has-text-align-center\">______________________________<\/p>\n\n\n\n<h2 class=\"wp-block-heading has-text-align-center has-text-color has-link-color wp-elements-f71fae137c031912e26ae2713a8641d9\" style=\"color:#ff0054;font-size:30px\">Mon dipl\u00f4me<\/h2>\n\n\n\n<p class=\"has-text-align-center\"><strong>Brevet Professionnel d&rsquo;\u00e9ducateur canin<\/strong> (2022)<\/p>\n\n\n<div class=\"wp-block-image is-style-default\">\n<figure class=\"aligncenter size-large is-resized\"><img loading=\"lazy\" decoding=\"async\" width=\"1024\" height=\"695\" src=\"http:\/\/www.myarmoniecanine.fr\/myarmoniecanine.fr\/wp-content\/uploads\/2024\/01\/image0-1024x695.jpeg\" alt=\"\" class=\"wp-image-230\" style=\"width:382px;height:auto\" srcset=\"https:\/\/www.myarmoniecanine.fr\/myarmoniecanine.fr\/wp-content\/uploads\/2024\/01\/image0-1024x695.jpeg 1024w, https:\/\/www.myarmoniecanine.fr\/myarmoniecanine.fr\/wp-content\/uploads\/2024\/01\/image0-300x204.jpeg 300w, https:\/\/www.myarmoniecanine.fr\/myarmoniecanine.fr\/wp-content\/uploads\/2024\/01\/image0-768x521.jpeg 768w, https:\/\/www.myarmoniecanine.fr\/myarmoniecanine.fr\/wp-content\/uploads\/2024\/01\/image0-1536x1042.jpeg 1536w, https:\/\/www.myarmoniecanine.fr\/myarmoniecanine.fr\/wp-content\/uploads\/2024\/01\/image0-2048x1389.jpeg 2048w, https:\/\/www.myarmoniecanine.fr\/myarmoniecanine.fr\/wp-content\/uploads\/2024\/01\/image0-1140x773.jpeg 1140w\" sizes=\"auto, (max-width: 1024px) 100vw, 1024px\" \/><\/figure>\n<\/div>\n\n\n<p class=\"has-text-align-center\">______________________________<\/p>\n\n\n\n<h2 class=\"wp-block-heading has-text-align-center has-text-color has-link-color wp-elements-b839e3e0a27c048ddaf34339150a158c\" style=\"color:#ff0054;font-size:30px\">Je continue de me former<\/h2>\n\n\n\n<h2 class=\"wp-block-heading\">2024<\/h2>\n\n\n\n<ul class=\"wp-block-list\">\n<li>R\u00e9solution de probl\u00e8mes de comportement 101 (webinaire) &#8211; Evolution Canine avec Simonne Raffa<\/li>\n\n\n\n<li>Analyse et modification comportementale (formation en ligne) &#8211; Muzo+ avec Lisa Longo<\/li>\n\n\n\n<li>Les probl\u00e8mes de comportements li\u00e9s \u00e0 la s\u00e9paration chez le chien (webinaire) &#8211; Muzo+ avec Lisa Longo<\/li>\n\n\n\n<li>Hyperactif ? Vraiment ? (webinaire) &#8211; Muzo+ avec Marjorie Miltenberger<\/li>\n\n\n\n<li>Cavage (formation en ligne) &#8211; 1vie 2 chiens avec Vanessa Pelletier<\/li>\n<\/ul>\n\n\n\n<h2 class=\"wp-block-heading\">2023<\/h2>\n\n\n\n<ul class=\"wp-block-list\">\n<li>Webinaire Le chien harceleur &#8211; AREG Animalcare<\/li>\n\n\n\n<li>Webinaire Les auto-contr\u00f4le &#8211; AREG Animalcare<\/li>\n\n\n\n<li>Webinaire La r\u00e9activit\u00e9 &#8211; AREG Animalcare<\/li>\n<\/ul>\n\n\n\n<h2 class=\"wp-block-heading\">2022<\/h2>\n\n\n\n<ul class=\"wp-block-list\">\n<li>Formation PECCRAM (Programme d&rsquo;Education \u00e0 la Connaissance du Chien et au Risque d&rsquo;Accident par Morsure) avec Chantal Hazard<\/li>\n<\/ul>\n","protected":false},"excerpt":{"rendered":"<p>Je suis n\u00e9e et j&rsquo;ai grandi entour\u00e9e de berger allemands et de cavaliers king charles. Ma passion canine a toujours exist\u00e9 et a pris de plus en plus de place au fil des ann\u00e9es. En 2016, j&rsquo;adopte Mya une malinoise de 4 mois avec qui je rencontre beaucoup de difficult\u00e9s. Ne m&rsquo;en sortant pas toute seule, je d\u00e9cide donc de contacter un \u00e9ducateur. On travaille, on \u00e9volue, j&rsquo;apprend \u00e0 la comprendre, on r\u00e8gle les probl\u00e8mes petit \u00e0 petit et je m&rsquo;int\u00e9resse de plus en plus au comportement canin. \u00c7a y est, Mya m&rsquo;a fait rentrer dans le monde de l&rsquo;\u00e9ducation canine ! En 2018, ce n&rsquo;\u00e9tait pas pr\u00e9vu mais j&rsquo;adopte Souky un crois\u00e9 labrador de 6 ans qui a subi 4 ans de maltraitance et 2 abandons. Mes 2 chiens m&rsquo;ont \u00e9norm\u00e9ment appris ! De 2018 \u00e0 2022, j&rsquo;ai \u00e9t\u00e9 b\u00e9n\u00e9vole au refuge ATPA-SPA de Toulouse et dans 2 associations de protection animale. En 2021, apr\u00e8s 9 ans dans le monde de la petite enfance, je d\u00e9cide de faire de ma passion mon quotidien et mon m\u00e9tier. J&rsquo;int\u00e8gre une \u00e9cole pour une ann\u00e9e compl\u00e8te et obtiens le Brevet Professionnel d&rsquo;\u00e9ducateur canin en 2022. En 2023, Mya&rsquo;rmonie Canine voit le jour. Vous l&rsquo;aurez compris le nom de l&rsquo;entreprise fait r\u00e9f\u00e9rence \u00e0 ma chienne Mya sans qui je n&rsquo;en serais pas l\u00e0 aujourd&rsquo;hui. ______________________________ Mon dipl\u00f4me Brevet Professionnel d&rsquo;\u00e9ducateur canin (2022) ______________________________ Je continue de me former 2024 2023 2022<\/p>\n","protected":false},"author":1,"featured_media":0,"parent":0,"menu_order":1,"comment_status":"closed","ping_status":"closed","template":"","meta":{"footnotes":""},"class_list":["post-17","page","type-page","status-publish","hentry"],"_links":{"self":[{"href":"https:\/\/www.myarmoniecanine.fr\/myarmoniecanine.fr\/index.php\/wp-json\/wp\/v2\/pages\/17","targetHints":{"allow":["GET"]}}],"collection":[{"href":"https:\/\/www.myarmoniecanine.fr\/myarmoniecanine.fr\/index.php\/wp-json\/wp\/v2\/pages"}],"about":[{"href":"https:\/\/www.myarmoniecanine.fr\/myarmoniecanine.fr\/index.php\/wp-json\/wp\/v2\/types\/page"}],"author":[{"embeddable":true,"href":"https:\/\/www.myarmoniecanine.fr\/myarmoniecanine.fr\/index.php\/wp-json\/wp\/v2\/users\/1"}],"replies":[{"embeddable":true,"href":"https:\/\/www.myarmoniecanine.fr\/myarmoniecanine.fr\/index.php\/wp-json\/wp\/v2\/comments?post=17"}],"version-history":[{"count":20,"href":"https:\/\/www.myarmoniecanine.fr\/myarmoniecanine.fr\/index.php\/wp-json\/wp\/v2\/pages\/17\/revisions"}],"predecessor-version":[{"id":332,"href":"https:\/\/www.myarmoniecanine.fr\/myarmoniecanine.fr\/index.php\/wp-json\/wp\/v2\/pages\/17\/revisions\/332"}],"wp:attachment":[{"href":"https:\/\/www.myarmoniecanine.fr\/myarmoniecanine.fr\/index.php\/wp-json\/wp\/v2\/media?parent=17"}],"curies":[{"name":"wp","href":"https:\/\/api.w.org\/{rel}","templated":true}]}}

<div class="wp-block-media-text has-media-on-the-right is-stacked-on-mobile" style="grid-template-columns:auto 30%"><div class="wp-block-media-text__content">
<p class="has-text-align-left">Je suis née et j&rsquo;ai grandi entourée de berger allemands et de cavaliers king charles. Ma passion canine a toujours existé et a pris de plus en plus de place au fil des années. </p>



<p>En 2016, j&rsquo;adopte Mya une malinoise de 4 mois avec qui je rencontre beaucoup de difficultés. Ne m&rsquo;en sortant pas toute seule, je décide donc de contacter un éducateur. On travaille, on évolue, j&rsquo;apprend à la comprendre, on règle les problèmes petit à petit et je m&rsquo;intéresse de plus en plus au comportement canin. Ça y est, Mya m&rsquo;a fait rentrer dans le monde de l&rsquo;éducation canine ! </p>



<p>En 2018, ce n&rsquo;était pas prévu mais j&rsquo;adopte Souky un croisé labrador de 6 ans qui a subi 4 ans de maltraitance et 2 abandons. Mes 2 chiens m&rsquo;ont énormément appris !</p>



<p>De 2018 à 2022, j&rsquo;ai été bénévole au refuge ATPA-SPA de Toulouse et dans 2 associations de protection animale. </p>



<p>En 2021, après 9 ans dans le monde de la petite enfance, je décide de faire de ma passion mon quotidien et mon métier. J&rsquo;intègre une école pour une année complète et obtiens le Brevet Professionnel d&rsquo;éducateur canin en 2022.</p>



<p>En 2023, Mya&rsquo;rmonie Canine voit le jour. Vous l&rsquo;aurez compris le nom de l&rsquo;entreprise fait référence à ma chienne Mya sans qui je n&rsquo;en serais pas là aujourd&rsquo;hui.</p>
</div><figure class="wp-block-media-text__media"><img loading="lazy" decoding="async" width="888" height="888" src="https://www.myarmoniecanine.fr/myarmoniecanine.fr/wp-content/uploads/2024/01/358513717_812907010359298_1316471141716285999_n-5.jpg" alt="" class="wp-image-150 size-full" srcset="https://www.myarmoniecanine.fr/myarmoniecanine.fr/wp-content/uploads/2024/01/358513717_812907010359298_1316471141716285999_n-5.jpg 888w, https://www.myarmoniecanine.fr/myarmoniecanine.fr/wp-content/uploads/2024/01/358513717_812907010359298_1316471141716285999_n-5-300x300.jpg 300w, https://www.myarmoniecanine.fr/myarmoniecanine.fr/wp-content/uploads/2024/01/358513717_812907010359298_1316471141716285999_n-5-150x150.jpg 150w, https://www.myarmoniecanine.fr/myarmoniecanine.fr/wp-content/uploads/2024/01/358513717_812907010359298_1316471141716285999_n-5-768x768.jpg 768w, https://www.myarmoniecanine.fr/myarmoniecanine.fr/wp-content/uploads/2024/01/358513717_812907010359298_1316471141716285999_n-5-75x75.jpg 75w" sizes="auto, (max-width: 888px) 100vw, 888px" /></figure></div>


<div class="wp-block-image">
<figure class="aligncenter size-full is-resized"><img loading="lazy" decoding="async" width="717" height="246" src="https://www.myarmoniecanine.fr/myarmoniecanine.fr/wp-content/uploads/2024/01/image.png" alt="" class="wp-image-149" style="width:687px;height:auto" srcset="https://www.myarmoniecanine.fr/myarmoniecanine.fr/wp-content/uploads/2024/01/image.png 717w, https://www.myarmoniecanine.fr/myarmoniecanine.fr/wp-content/uploads/2024/01/image-300x103.png 300w" sizes="auto, (max-width: 717px) 100vw, 717px" /></figure>
</div>


<p class="has-text-align-center">______________________________</p>



<h2 class="wp-block-heading has-text-align-center has-text-color has-link-color wp-elements-f71fae137c031912e26ae2713a8641d9" style="color:#ff0054;font-size:30px">Mon diplôme</h2>



<p class="has-text-align-center"><strong>Brevet Professionnel d&rsquo;éducateur canin</strong> (2022)</p>


<div class="wp-block-image is-style-default">
<figure class="aligncenter size-large is-resized"><img loading="lazy" decoding="async" width="1024" height="695" src="http://www.myarmoniecanine.fr/myarmoniecanine.fr/wp-content/uploads/2024/01/image0-1024x695.jpeg" alt="" class="wp-image-230" style="width:382px;height:auto" srcset="https://www.myarmoniecanine.fr/myarmoniecanine.fr/wp-content/uploads/2024/01/image0-1024x695.jpeg 1024w, https://www.myarmoniecanine.fr/myarmoniecanine.fr/wp-content/uploads/2024/01/image0-300x204.jpeg 300w, https://www.myarmoniecanine.fr/myarmoniecanine.fr/wp-content/uploads/2024/01/image0-768x521.jpeg 768w, https://www.myarmoniecanine.fr/myarmoniecanine.fr/wp-content/uploads/2024/01/image0-1536x1042.jpeg 1536w, https://www.myarmoniecanine.fr/myarmoniecanine.fr/wp-content/uploads/2024/01/image0-2048x1389.jpeg 2048w, https://www.myarmoniecanine.fr/myarmoniecanine.fr/wp-content/uploads/2024/01/image0-1140x773.jpeg 1140w" sizes="auto, (max-width: 1024px) 100vw, 1024px" /></figure>
</div>


<p class="has-text-align-center">______________________________</p>



<h2 class="wp-block-heading has-text-align-center has-text-color has-link-color wp-elements-b839e3e0a27c048ddaf34339150a158c" style="color:#ff0054;font-size:30px">Je continue de me former</h2>



<h2 class="wp-block-heading">2024</h2>



<ul class="wp-block-list">
<li>Résolution de problèmes de comportement 101 (webinaire) &#8211; Evolution Canine avec Simonne Raffa</li>



<li>Analyse et modification comportementale (formation en ligne) &#8211; Muzo+ avec Lisa Longo</li>



<li>Les problèmes de comportements liés à la séparation chez le chien (webinaire) &#8211; Muzo+ avec Lisa Longo</li>



<li>Hyperactif ? Vraiment ? (webinaire) &#8211; Muzo+ avec Marjorie Miltenberger</li>



<li>Cavage (formation en ligne) &#8211; 1vie 2 chiens avec Vanessa Pelletier</li>
</ul>



<h2 class="wp-block-heading">2023</h2>



<ul class="wp-block-list">
<li>Webinaire Le chien harceleur &#8211; AREG Animalcare</li>



<li>Webinaire Les auto-contrôle &#8211; AREG Animalcare</li>



<li>Webinaire La réactivité &#8211; AREG Animalcare</li>
</ul>



<h2 class="wp-block-heading">2022</h2>



<ul class="wp-block-list">
<li>Formation PECCRAM (Programme d&rsquo;Education à la Connaissance du Chien et au Risque d&rsquo;Accident par Morsure) avec Chantal Hazard</li>
</ul>

<p>Je suis née et j&rsquo;ai grandi entourée de berger allemands et de cavaliers king charles. Ma passion canine a toujours existé et a pris de plus en plus de place au fil des années. En 2016, j&rsquo;adopte Mya une malinoise de 4 mois avec qui je rencontre beaucoup de difficultés. Ne m&rsquo;en sortant pas toute seule, je décide donc de contacter un éducateur. On travaille, on évolue, j&rsquo;apprend à la comprendre, on règle les problèmes petit à petit et je m&rsquo;intéresse de plus en plus au comportement canin. Ça y est, Mya m&rsquo;a fait rentrer dans le monde de l&rsquo;éducation canine ! En 2018, ce n&rsquo;était pas prévu mais j&rsquo;adopte Souky un croisé labrador de 6 ans qui a subi 4 ans de maltraitance et 2 abandons. Mes 2 chiens m&rsquo;ont énormément appris ! De 2018 à 2022, j&rsquo;ai été bénévole au refuge ATPA-SPA de Toulouse et dans 2 associations de protection animale. En 2021, après 9 ans dans le monde de la petite enfance, je décide de faire de ma passion mon quotidien et mon métier. J&rsquo;intègre une école pour une année complète et obtiens le Brevet Professionnel d&rsquo;éducateur canin en 2022. En 2023, Mya&rsquo;rmonie Canine voit le jour. Vous l&rsquo;aurez compris le nom de l&rsquo;entreprise fait référence à ma chienne Mya sans qui je n&rsquo;en serais pas là aujourd&rsquo;hui. ______________________________ Mon diplôme Brevet Professionnel d&rsquo;éducateur canin (2022) ______________________________ Je continue de me former 2024 2023 2022</p>
