{"id":178,"date":"2024-01-17T22:44:16","date_gmt":"2024-01-17T21:44:16","guid":{"rendered":"https:\/\/www.myarmoniecanine.fr\/myarmoniecanine.fr\/?page_id=178"},"modified":"2024-01-20T12:05:20","modified_gmt":"2024-01-20T11:05:20","slug":"accompagnement-pre-adoption","status":"publish","type":"page","link":"https:\/\/www.myarmoniecanine.fr\/myarmoniecanine.fr\/index.php\/accompagnement-pre-adoption\/","title":{"rendered":"Accompagnement pr\u00e9-adoption"},"content":{"rendered":"\n<p class=\"has-text-align-left has-text-color has-link-color has-medium-font-size wp-elements-b021941b3a025eb197f866a0e22a516a\" style=\"color:#ff0054\"><strong>Tout d&rsquo;abord pourquoi cette prestation ? <\/strong><\/p>\n\n\n\n<div class=\"wp-block-media-text has-media-on-the-right is-stacked-on-mobile is-vertically-aligned-center\" style=\"grid-template-columns:auto 40%\"><div class=\"wp-block-media-text__content\">\n<p>6 mois apr\u00e8s mon installation, je fais un constat un peu alarmant! Une grande partie des gens qui me contacte n&rsquo;ont pas le chien qui correspond \u00e0 leur mode de vie et donc ce dernier d\u00e9veloppe des probl\u00e8mes de comportement du \u00e0 son mode de vie inadapt\u00e9.<\/p>\n\n\n\n<p>Des chiens de chasse avec des personnes \u00e2g\u00e9es et s\u00e9dentaires, des chiens de travail qui ne travaillent pas et passent leur journ\u00e9e seuls, des jeunes chiens \u00e9nergiques dans des familles avec enfant qui n&rsquo;ont que 20 minutes par jour \u00e0 consacrer au chien etc.<\/p>\n\n\n\n<p>Les besoins du chien et de la race sont bien plus important \u00e0 prendre en compte que de savoir si le chien vivra en appartement ou en maison avec jardin. Un chien peu tr\u00e8s bien \u00eatre super heureux et \u00e9panoui en appartement (oui oui je vous assure) du moment que ses besoins \u00e9thologiques sont combl\u00e9s. <\/p>\n<\/div><figure class=\"wp-block-media-text__media\"><img loading=\"lazy\" decoding=\"async\" width=\"1024\" height=\"768\" src=\"https:\/\/www.myarmoniecanine.fr\/myarmoniecanine.fr\/wp-content\/uploads\/2024\/01\/IMG_2884-1024x768.jpg\" alt=\"\" class=\"wp-image-255 size-full\" srcset=\"https:\/\/www.myarmoniecanine.fr\/myarmoniecanine.fr\/wp-content\/uploads\/2024\/01\/IMG_2884-1024x768.jpg 1024w, https:\/\/www.myarmoniecanine.fr\/myarmoniecanine.fr\/wp-content\/uploads\/2024\/01\/IMG_2884-300x225.jpg 300w, https:\/\/www.myarmoniecanine.fr\/myarmoniecanine.fr\/wp-content\/uploads\/2024\/01\/IMG_2884-768x576.jpg 768w, https:\/\/www.myarmoniecanine.fr\/myarmoniecanine.fr\/wp-content\/uploads\/2024\/01\/IMG_2884-1536x1152.jpg 1536w, https:\/\/www.myarmoniecanine.fr\/myarmoniecanine.fr\/wp-content\/uploads\/2024\/01\/IMG_2884-2048x1536.jpg 2048w, https:\/\/www.myarmoniecanine.fr\/myarmoniecanine.fr\/wp-content\/uploads\/2024\/01\/IMG_2884-1140x855.jpg 1140w\" sizes=\"auto, (max-width: 1024px) 100vw, 1024px\" \/><\/figure><\/div>\n\n\n\n<p class=\"has-white-color has-text-color has-link-color wp-elements-7e4ac651328708ea719ac0894fa30934\">.<\/p>\n\n\n\n<p class=\"has-text-color has-link-color has-medium-font-size wp-elements-ad985d231302f6432d135991dff118e5\" style=\"color:#ff0054\"><strong>Comment \u00e7a marche?<\/strong><\/p>\n\n\n\n<p>L&rsquo;adoption d&rsquo;un nouveau compagnon doit \u00eatre un acte r\u00e9fl\u00e9chi et responsable. C&rsquo;est pourquoi je vous propose mon aide dans cette d\u00e9marche afin de vous accompagner pour trouver le chien qui correspondra au mieux \u00e0 votre mode de vie et \u00e0 votre famille. <\/p>\n\n\n\n<p>Il vous suffit de m&rsquo;envoyer un SMS pour que l&rsquo;on convienne d&rsquo;un rendez-vous t\u00e9l\u00e9phonique. Celui ci durera environ 30 minutes. <\/p>\n\n\n\n<p>Nous \u00e9changerons sur votre mode de vie, votre famille etc. Vous m&rsquo;exposerez votre projet d&rsquo;adoption et nous discuterons ensemble de tout cela. Je r\u00e9pondrais \u00e0 vos questions avec plaisir.<\/p>\n\n\n\n<p class=\"has-text-align-center has-text-color has-link-color has-large-font-size wp-elements-521e1b6ffbc3ffb74021d3fb694614a8\" style=\"color:#ff0054\">Tarif : <strong>GRATUIT<\/strong><\/p>\n","protected":false},"excerpt":{"rendered":"<p>Tout d&rsquo;abord pourquoi cette prestation ? 6 mois apr\u00e8s mon installation, je fais un constat un peu alarmant! Une grande partie des gens qui me contacte n&rsquo;ont pas le chien qui correspond \u00e0 leur mode de vie et donc ce dernier d\u00e9veloppe des probl\u00e8mes de comportement du \u00e0 son mode de vie inadapt\u00e9. Des chiens de chasse avec des personnes \u00e2g\u00e9es et s\u00e9dentaires, des chiens de travail qui ne travaillent pas et passent leur journ\u00e9e seuls, des jeunes chiens \u00e9nergiques dans des familles avec enfant qui n&rsquo;ont que 20 minutes par jour \u00e0 consacrer au chien etc. Les besoins du chien et de la race sont bien plus important \u00e0 prendre en compte que de savoir si le chien vivra en appartement ou en maison avec jardin. Un chien peu tr\u00e8s bien \u00eatre super heureux et \u00e9panoui en appartement (oui oui je vous assure) du moment que ses besoins \u00e9thologiques sont combl\u00e9s. . Comment \u00e7a marche? L&rsquo;adoption d&rsquo;un nouveau compagnon doit \u00eatre un acte r\u00e9fl\u00e9chi et responsable. C&rsquo;est pourquoi je vous propose mon aide dans cette d\u00e9marche afin de vous accompagner pour trouver le chien qui correspondra au mieux \u00e0 votre mode de vie et \u00e0 votre famille. Il vous suffit de m&rsquo;envoyer un SMS pour que l&rsquo;on convienne d&rsquo;un rendez-vous t\u00e9l\u00e9phonique. Celui ci durera environ 30 minutes. Nous \u00e9changerons sur votre mode de vie, votre famille etc. Vous m&rsquo;exposerez votre projet d&rsquo;adoption et nous discuterons ensemble de tout cela. Je r\u00e9pondrais \u00e0 vos questions avec plaisir. Tarif : GRATUIT<\/p>\n","protected":false},"author":1,"featured_media":0,"parent":0,"menu_order":3,"comment_status":"closed","ping_status":"closed","template":"","meta":{"footnotes":""},"class_list":["post-178","page","type-page","status-publish","hentry"],"_links":{"self":[{"href":"https:\/\/www.myarmoniecanine.fr\/myarmoniecanine.fr\/index.php\/wp-json\/wp\/v2\/pages\/178","targetHints":{"allow":["GET"]}}],"collection":[{"href":"https:\/\/www.myarmoniecanine.fr\/myarmoniecanine.fr\/index.php\/wp-json\/wp\/v2\/pages"}],"about":[{"href":"https:\/\/www.myarmoniecanine.fr\/myarmoniecanine.fr\/index.php\/wp-json\/wp\/v2\/types\/page"}],"author":[{"embeddable":true,"href":"https:\/\/www.myarmoniecanine.fr\/myarmoniecanine.fr\/index.php\/wp-json\/wp\/v2\/users\/1"}],"replies":[{"embeddable":true,"href":"https:\/\/www.myarmoniecanine.fr\/myarmoniecanine.fr\/index.php\/wp-json\/wp\/v2\/comments?post=178"}],"version-history":[{"count":10,"href":"https:\/\/www.myarmoniecanine.fr\/myarmoniecanine.fr\/index.php\/wp-json\/wp\/v2\/pages\/178\/revisions"}],"predecessor-version":[{"id":266,"href":"https:\/\/www.myarmoniecanine.fr\/myarmoniecanine.fr\/index.php\/wp-json\/wp\/v2\/pages\/178\/revisions\/266"}],"wp:attachment":[{"href":"https:\/\/www.myarmoniecanine.fr\/myarmoniecanine.fr\/index.php\/wp-json\/wp\/v2\/media?parent=178"}],"curies":[{"name":"wp","href":"https:\/\/api.w.org\/{rel}","templated":true}]}}

Accompagnement pré-adoption

<p class="has-text-align-left has-text-color has-link-color has-medium-font-size wp-elements-b021941b3a025eb197f866a0e22a516a" style="color:#ff0054"><strong>Tout d&rsquo;abord pourquoi cette prestation ? </strong></p>



<div class="wp-block-media-text has-media-on-the-right is-stacked-on-mobile is-vertically-aligned-center" style="grid-template-columns:auto 40%"><div class="wp-block-media-text__content">
<p>6 mois après mon installation, je fais un constat un peu alarmant! Une grande partie des gens qui me contacte n&rsquo;ont pas le chien qui correspond à leur mode de vie et donc ce dernier développe des problèmes de comportement du à son mode de vie inadapté.</p>



<p>Des chiens de chasse avec des personnes âgées et sédentaires, des chiens de travail qui ne travaillent pas et passent leur journée seuls, des jeunes chiens énergiques dans des familles avec enfant qui n&rsquo;ont que 20 minutes par jour à consacrer au chien etc.</p>



<p>Les besoins du chien et de la race sont bien plus important à prendre en compte que de savoir si le chien vivra en appartement ou en maison avec jardin. Un chien peu très bien être super heureux et épanoui en appartement (oui oui je vous assure) du moment que ses besoins éthologiques sont comblés. </p>
</div><figure class="wp-block-media-text__media"><img loading="lazy" decoding="async" width="1024" height="768" src="https://www.myarmoniecanine.fr/myarmoniecanine.fr/wp-content/uploads/2024/01/IMG_2884-1024x768.jpg" alt="" class="wp-image-255 size-full" srcset="https://www.myarmoniecanine.fr/myarmoniecanine.fr/wp-content/uploads/2024/01/IMG_2884-1024x768.jpg 1024w, https://www.myarmoniecanine.fr/myarmoniecanine.fr/wp-content/uploads/2024/01/IMG_2884-300x225.jpg 300w, https://www.myarmoniecanine.fr/myarmoniecanine.fr/wp-content/uploads/2024/01/IMG_2884-768x576.jpg 768w, https://www.myarmoniecanine.fr/myarmoniecanine.fr/wp-content/uploads/2024/01/IMG_2884-1536x1152.jpg 1536w, https://www.myarmoniecanine.fr/myarmoniecanine.fr/wp-content/uploads/2024/01/IMG_2884-2048x1536.jpg 2048w, https://www.myarmoniecanine.fr/myarmoniecanine.fr/wp-content/uploads/2024/01/IMG_2884-1140x855.jpg 1140w" sizes="auto, (max-width: 1024px) 100vw, 1024px" /></figure></div>



<p class="has-white-color has-text-color has-link-color wp-elements-7e4ac651328708ea719ac0894fa30934">.</p>



<p class="has-text-color has-link-color has-medium-font-size wp-elements-ad985d231302f6432d135991dff118e5" style="color:#ff0054"><strong>Comment ça marche?</strong></p>



<p>L&rsquo;adoption d&rsquo;un nouveau compagnon doit être un acte réfléchi et responsable. C&rsquo;est pourquoi je vous propose mon aide dans cette démarche afin de vous accompagner pour trouver le chien qui correspondra au mieux à votre mode de vie et à votre famille. </p>



<p>Il vous suffit de m&rsquo;envoyer un SMS pour que l&rsquo;on convienne d&rsquo;un rendez-vous téléphonique. Celui ci durera environ 30 minutes. </p>



<p>Nous échangerons sur votre mode de vie, votre famille etc. Vous m&rsquo;exposerez votre projet d&rsquo;adoption et nous discuterons ensemble de tout cela. Je répondrais à vos questions avec plaisir.</p>



<p class="has-text-align-center has-text-color has-link-color has-large-font-size wp-elements-521e1b6ffbc3ffb74021d3fb694614a8" style="color:#ff0054">Tarif : <strong>GRATUIT</strong></p>

<p>Tout d&rsquo;abord pourquoi cette prestation ? 6 mois après mon installation, je fais un constat un peu alarmant! Une grande partie des gens qui me contacte n&rsquo;ont pas le chien qui correspond à leur mode de vie et donc ce dernier développe des problèmes de comportement du à son mode de vie inadapté. Des chiens de chasse avec des personnes âgées et sédentaires, des chiens de travail qui ne travaillent pas et passent leur journée seuls, des jeunes chiens énergiques dans des familles avec enfant qui n&rsquo;ont que 20 minutes par jour à consacrer au chien etc. Les besoins du chien et de la race sont bien plus important à prendre en compte que de savoir si le chien vivra en appartement ou en maison avec jardin. Un chien peu très bien être super heureux et épanoui en appartement (oui oui je vous assure) du moment que ses besoins éthologiques sont comblés. . Comment ça marche? L&rsquo;adoption d&rsquo;un nouveau compagnon doit être un acte réfléchi et responsable. C&rsquo;est pourquoi je vous propose mon aide dans cette démarche afin de vous accompagner pour trouver le chien qui correspondra au mieux à votre mode de vie et à votre famille. Il vous suffit de m&rsquo;envoyer un SMS pour que l&rsquo;on convienne d&rsquo;un rendez-vous téléphonique. Celui ci durera environ 30 minutes. Nous échangerons sur votre mode de vie, votre famille etc. Vous m&rsquo;exposerez votre projet d&rsquo;adoption et nous discuterons ensemble de tout cela. Je répondrais à vos questions avec plaisir. Tarif : GRATUIT</p>
