{"id":77,"date":"2024-01-17T20:22:42","date_gmt":"2024-01-17T19:22:42","guid":{"rendered":"https:\/\/www.myarmoniecanine.fr\/myarmoniecanine.fr\/?page_id=77"},"modified":"2024-01-20T12:14:16","modified_gmt":"2024-01-20T11:14:16","slug":"pet-sitting","status":"publish","type":"page","link":"https:\/\/www.myarmoniecanine.fr\/myarmoniecanine.fr\/index.php\/pet-sitting\/","title":{"rendered":"Pet-sitting"},"content":{"rendered":"\n<p>Vous partez en vacances? Vous \u00eates dans l&rsquo;incapacit\u00e9 temporaire de sortir votre chien? Vous avez une grosse journ\u00e9e de travail dans la semaine? &#8230;<\/p>\n\n\n\n<p>Tous les chiens ne sont pas aptes \u00e9motionnellement \u00e0 supporter d&rsquo;aller dans une pension ou chez des inconnus. Certains seront beaucoup plus serein et confortable de rester chez eux.<\/p>\n\n\n\n<p>Je suis donc disponible pour venir m&rsquo;occuper de votre chien <strong>\u00e0 votre domicile<\/strong> pendant votre absence. Donner \u00e0 boire, \u00e0 manger, jouer dans le jardin, faire des c\u00e2lins, partir en balade etc. Je me ferais un plaisir de m&rsquo;occuper de votre compagnon et de vous <strong>donner des nouvelles<\/strong> (photos ou vid\u00e9os).<\/p>\n\n\n\n<p class=\"has-white-color has-text-color has-link-color wp-elements-7e4ac651328708ea719ac0894fa30934\">.<\/p>\n\n\n\n<div class=\"wp-block-media-text is-stacked-on-mobile\" style=\"grid-template-columns:31% auto\"><figure class=\"wp-block-media-text__media\"><img loading=\"lazy\" decoding=\"async\" width=\"961\" height=\"1024\" src=\"https:\/\/www.myarmoniecanine.fr\/myarmoniecanine.fr\/wp-content\/uploads\/2024\/01\/Image-pet-sitting-1-961x1024.jpg\" alt=\"\" class=\"wp-image-235 size-full\" srcset=\"https:\/\/www.myarmoniecanine.fr\/myarmoniecanine.fr\/wp-content\/uploads\/2024\/01\/Image-pet-sitting-1-961x1024.jpg 961w, https:\/\/www.myarmoniecanine.fr\/myarmoniecanine.fr\/wp-content\/uploads\/2024\/01\/Image-pet-sitting-1-281x300.jpg 281w, https:\/\/www.myarmoniecanine.fr\/myarmoniecanine.fr\/wp-content\/uploads\/2024\/01\/Image-pet-sitting-1-768x819.jpg 768w, https:\/\/www.myarmoniecanine.fr\/myarmoniecanine.fr\/wp-content\/uploads\/2024\/01\/Image-pet-sitting-1.jpg 1125w\" sizes=\"auto, (max-width: 961px) 100vw, 961px\" \/><\/figure><div class=\"wp-block-media-text__content\">\n<p>Si l&rsquo;on ne se connait pas, je viendrais faire un <strong>premier rendez-vous gratuit \u00e0 votre domicile<\/strong> afin de vous rencontrer avec votre chien. On parlera de vos besoins, de ses habitudes etc.<\/p>\n\n\n\n<p class=\"has-text-color has-link-color has-medium-font-size wp-elements-190b559e6acfd1fa6568d2484b4bd960\" style=\"color:#ff0054\"><strong>Tarifs : <\/strong><\/p>\n\n\n\n<figure class=\"wp-block-table\"><table><tbody><tr><td><\/td><td class=\"has-text-align-center\" data-align=\"center\"><strong>Visite<\/strong><\/td><td class=\"has-text-align-center\" data-align=\"center\"><strong>Balade<\/strong><\/td><\/tr><tr><td><strong>30 minutes<\/strong><\/td><td class=\"has-text-align-center\" data-align=\"center\">12\u20ac<\/td><td class=\"has-text-align-center\" data-align=\"center\">15\u20ac<\/td><\/tr><tr><td><strong>1 heure<\/strong><\/td><td class=\"has-text-align-center\" data-align=\"center\">20\u20ac<\/td><td class=\"has-text-align-center\" data-align=\"center\">25\u20ac<\/td><\/tr><\/tbody><\/table><\/figure>\n<\/div><\/div>\n\n\n\n<p class=\"has-white-color has-text-color has-link-color wp-elements-7e4ac651328708ea719ac0894fa30934\">.<\/p>\n\n\n\n<p class=\"has-text-align-center\">______________________________<\/p>\n\n\n\n<h2 class=\"wp-block-heading\">Zone d&rsquo;intervention<\/h2>\n\n\n\n<div class=\"wp-block-media-text is-stacked-on-mobile\" style=\"grid-template-columns:41% auto\"><figure class=\"wp-block-media-text__media\"><img loading=\"lazy\" decoding=\"async\" width=\"698\" height=\"616\" src=\"https:\/\/www.myarmoniecanine.fr\/myarmoniecanine.fr\/wp-content\/uploads\/2024\/01\/Capture-decran-2023-05-22-135943.jpg\" alt=\"\" class=\"wp-image-247 size-full\" srcset=\"https:\/\/www.myarmoniecanine.fr\/myarmoniecanine.fr\/wp-content\/uploads\/2024\/01\/Capture-decran-2023-05-22-135943.jpg 698w, https:\/\/www.myarmoniecanine.fr\/myarmoniecanine.fr\/wp-content\/uploads\/2024\/01\/Capture-decran-2023-05-22-135943-300x265.jpg 300w\" sizes=\"auto, (max-width: 698px) 100vw, 698px\" \/><\/figure><div class=\"wp-block-media-text__content\">\n<p style=\"font-size:18px\">Je me d\u00e9place dans un rayon de 8km autour de mon domicile, au del\u00e0 des frais de d\u00e9placement serons \u00e0 pr\u00e9voir soit&nbsp;<strong>0,50\u20ac par kilom\u00e8tre suppl\u00e9mentaire&nbsp;<\/strong>(pour l\u2019aller et le retour).<\/p>\n<\/div><\/div>\n\n\n\n<p class=\"has-text-align-center\">______________________________<\/p>\n\n\n\n<div class=\"wp-block-group\"><div class=\"wp-block-group__inner-container is-layout-constrained wp-block-group-is-layout-constrained\">\n<h2 class=\"wp-block-heading has-text-color has-link-color has-medium-font-size wp-elements-79e7c6a02418c5077b441e3210647632\" style=\"color:#ff0054\">Quel est l&rsquo;avantage de faire appel \u00e0 un \u00e9ducateur canin pour le pet-sitting ?<\/h2>\n<\/div><\/div>\n\n\n\n<p>Un \u00e9ducateur canin est apte \u00e0 g\u00e9rer les chiens qui ont des probl\u00e8mes de comportement en balade (r\u00e9activit\u00e9, anxi\u00e9t\u00e9, crainte&#8230;). Je suis form\u00e9e pour comprendre et rep\u00e9rer les signaux de communication du chien, ainsi je pourrais agir en cons\u00e9quence et ne pas le mettre en difficult\u00e9 physique ou \u00e9motionnelle face \u00e0 une situation impr\u00e9vue. <\/p>\n","protected":false},"excerpt":{"rendered":"<p>Vous partez en vacances? Vous \u00eates dans l&rsquo;incapacit\u00e9 temporaire de sortir votre chien? Vous avez une grosse journ\u00e9e de travail dans la semaine? &#8230; Tous les chiens ne sont pas aptes \u00e9motionnellement \u00e0 supporter d&rsquo;aller dans une pension ou chez des inconnus. Certains seront beaucoup plus serein et confortable de rester chez eux. Je suis donc disponible pour venir m&rsquo;occuper de votre chien \u00e0 votre domicile pendant votre absence. Donner \u00e0 boire, \u00e0 manger, jouer dans le jardin, faire des c\u00e2lins, partir en balade etc. Je me ferais un plaisir de m&rsquo;occuper de votre compagnon et de vous donner des nouvelles (photos ou vid\u00e9os). . Si l&rsquo;on ne se connait pas, je viendrais faire un premier rendez-vous gratuit \u00e0 votre domicile afin de vous rencontrer avec votre chien. On parlera de vos besoins, de ses habitudes etc. Tarifs : Visite Balade 30 minutes 12\u20ac 15\u20ac 1 heure 20\u20ac 25\u20ac . ______________________________ Zone d&rsquo;intervention Je me d\u00e9place dans un rayon de 8km autour de mon domicile, au del\u00e0 des frais de d\u00e9placement serons \u00e0 pr\u00e9voir soit&nbsp;0,50\u20ac par kilom\u00e8tre suppl\u00e9mentaire&nbsp;(pour l\u2019aller et le retour). ______________________________ Quel est l&rsquo;avantage de faire appel \u00e0 un \u00e9ducateur canin pour le pet-sitting ? Un \u00e9ducateur canin est apte \u00e0 g\u00e9rer les chiens qui ont des probl\u00e8mes de comportement en balade (r\u00e9activit\u00e9, anxi\u00e9t\u00e9, crainte&#8230;). Je suis form\u00e9e pour comprendre et rep\u00e9rer les signaux de communication du chien, ainsi je pourrais agir en cons\u00e9quence et ne pas le mettre en difficult\u00e9 physique ou \u00e9motionnelle face \u00e0 une situation impr\u00e9vue.<\/p>\n","protected":false},"author":1,"featured_media":0,"parent":0,"menu_order":5,"comment_status":"closed","ping_status":"closed","template":"","meta":{"footnotes":""},"class_list":["post-77","page","type-page","status-publish","hentry"],"_links":{"self":[{"href":"https:\/\/www.myarmoniecanine.fr\/myarmoniecanine.fr\/index.php\/wp-json\/wp\/v2\/pages\/77","targetHints":{"allow":["GET"]}}],"collection":[{"href":"https:\/\/www.myarmoniecanine.fr\/myarmoniecanine.fr\/index.php\/wp-json\/wp\/v2\/pages"}],"about":[{"href":"https:\/\/www.myarmoniecanine.fr\/myarmoniecanine.fr\/index.php\/wp-json\/wp\/v2\/types\/page"}],"author":[{"embeddable":true,"href":"https:\/\/www.myarmoniecanine.fr\/myarmoniecanine.fr\/index.php\/wp-json\/wp\/v2\/users\/1"}],"replies":[{"embeddable":true,"href":"https:\/\/www.myarmoniecanine.fr\/myarmoniecanine.fr\/index.php\/wp-json\/wp\/v2\/comments?post=77"}],"version-history":[{"count":11,"href":"https:\/\/www.myarmoniecanine.fr\/myarmoniecanine.fr\/index.php\/wp-json\/wp\/v2\/pages\/77\/revisions"}],"predecessor-version":[{"id":269,"href":"https:\/\/www.myarmoniecanine.fr\/myarmoniecanine.fr\/index.php\/wp-json\/wp\/v2\/pages\/77\/revisions\/269"}],"wp:attachment":[{"href":"https:\/\/www.myarmoniecanine.fr\/myarmoniecanine.fr\/index.php\/wp-json\/wp\/v2\/media?parent=77"}],"curies":[{"name":"wp","href":"https:\/\/api.w.org\/{rel}","templated":true}]}}